ed by 275?
269
What is the remainder when 6902 is divided by 173?
155
Calculate the remainder when 14729 is divided by 2939.
34
Calculate the remainder when 4561407 is divided by 8.
7
What is the remainder when 2858 is divided by 102?
2
What is the remainder when 21045 is divided by 397?
4
What is the remainder when 10205 is divided by 57?
2
Calculate the remainder when 245995 is divided by 234.
61
What is the remainder when 128164 is divided by 42716?
16
What is the remainder when 2143 is divided by 372?
283
Calculate the remainder when 7527573 is divided by 24.
21
Calculate the remainder when 6387 is divided by 78.
69
What is the remainder when 16919 is divided by 264?
23
Calculate the remainder when 2510 is divided by 352.
46
Calculate the remainder when 16823 is divided by 8411.
1
What is the remainder when 34450 is divided by 54?
52
Calculate the remainder when 23180 is divided by 21.
17
Calculate the remainder when 47256 is divided by 4711.
146
What is the remainder when 3741 is divided by 84?
45
What is the remainder when 7255 is divided by 603?
19
What is the remainder when 1194739 is divided by 20?
19
Calculate the remainder when 739149 is divided by 783.
780
What is the remainder when 34527 is divided by 11502?
21
Calculate the remainder when 3091 is divided by 235.
36
What is the remainder when 2048 is divided by 476?
144
Calculate the remainder when 7008 is divided by 92.
16
Calculate the remainder when 11324 is divided by 943.
8
What is the remainder when 19726 is divided by 334?
20
What is the remainder when 271 is divided by 203?
68
Calculate the remainder when 13493 is divided by 799.
709
Calculate the remainder when 87054 is divided by 29015.
9
Calculate the remainder when 735413 is divided by 367701.
11
Calculate the remainder when 45575 is divided by 64.
7
What is the remainder when 5831 is divided by 422?
345
Calculate the remainder when 3228 is divided by 1519.
190
Calculate the remainder when 7113 is divided by 272.
41
Calculate the remainder when 62704 is divided by 627.
4
What is the remainder when 127053 is divided by 77?
3
What is the remainder when 51119 is divided by 180?
179
Calculate the remainder when 1089895 is divided by 10.
5
Calculate the remainder when 3443 is divided by 381.
14
Calculate the remainder when 4401 is divided by 718.
93
What is the remainder when 233630 is divided by 7?
5
What is the remainder when 37700 is divided by 1639?
3
Calculate the remainder when 1114 is divided by 1028.
86
What is the remainder when 759 is divided by 627?
132
What is the remainder when 1589 is divided by 575?
439
Calculate the remainder when 6786 is divided by 53.
2
What is the remainder when 23698 is divided by 1245?
43
What is the remainder when 2081 is divided by 1211?
870
What is the remainder when 288679 is divided by 40?
39
Calculate the remainder when 3585 is divided by 507.
36
What is the remainder when 827 is divided by 7?
1
What is the remainder when 3087 is divided by 5?
2
Calculate the remainder when 104594 is divided by 769.
10
What is the remainder when 9594 is divided by 240?
234
Calculate the remainder when 52240 is divided by 62.
36
What is the remainder when 3619 is divided by 296?
67
What is the remainder when 19027 is divided by 244?
239
What is the remainder when 640 is divided by 263?
114
Calculate the remainder when 31413 is divided by 278.
277
What is the remainder when 23289 is divided by 18?
15
What is the remainder when 172470 is divided by 34485?
45
Calculate the remainder when 133296 is divided by 73.
71
Calculate the remainder when 32054 is divided by 465.
434
Calculate the remainder when 849 is divided by 179.
133
Calculate the remainder when 8316 is divided by 1208.
1068
Calculate the remainder when 11197 is divided by 267.
250
What is the remainder when 677223 is divided by 29?
15
What is the remainder when 9860 is divided by 329?
319
Calculate the remainder when 7637 is divided by 1041.
350
Calculate the remainder when 67469 is divided by 51.
47
What is the remainder when 15154 is divided by 270?
34
What is the remainder when 883 is divided by 215?
23
Calculate the remainder when 32954 is divided by 16458.
38
Calculate the remainder when 10415 is divided by 69.
65
What is the remainder when 104 is divided by 84?
20
What is the remainder when 5930 is divided by 1959?
53
Calculate the remainder when 384339 is divided by 10.
9
Calculate the remainder when 593208 is divided by 31.
23
What is the remainder when 30532 is divided by 2?
0
What is the remainder when 15652 is divided by 127?
31
Calculate the remainder when 24912 is divided by 25.
12
Calculate the remainder when 2044390 is divided by 129.
127
What is the remainder when 31526 is divided by 829?
24
Calculate the remainder when 2096315 is divided by 29.
21
Calculate the remainder when 34504 is divided by 3447.
34
Calculate the remainder when 4185 is divided by 32.
25
Calculate the remainder when 31264 is divided by 300.
64
Calculate the remainder when 34284 is divided by 2142.
12
Calculate the remainder when 110146 is divided by 822.
820
What is the remainder when 1958 is divided by 979?
0
What is the remainder when 38531 is divided by 169?
168
Calculate the remainder when 70170 is divided by 1494.
1446
What is the remainder when 33610 is divided by 121?
93
Calculate the remainder when 20513 is divided by 1034.
867
Calculate the remainder when 14974 is divided by 471.
373
Calculate the remainder when 2919 is divided by 698.
127
What is the remainder when 2949557 is divided by 77?
72
Calculate the remainder when 72147 is divided by 222.
219
What is the remainder when 564813 is divided by 164?
161
What is the remainder when 263235 is divided by 4113?
3
Calculate the remainder when 1649 is divided by 333.
317
Calculate the remainder when 1728 is divided by 161.
118
Calculate the remainder when 166365 is divided by 431.
430
What is the remainder when 124638 is divided by 304?
302
What is the remainder when 996238 is divided by 84?
82
What is the remainder when 74586 is divided by 1223?
1206
Calculate the remainder when 7164 is divided by 112.
108
Calculate the remainder when 222539 is divided by 247.
239
What is the remainder when 8112 is divided by 190?
132
Calculate the remainder when 35604 is divided by 11833.
105
Calculate the remainder when 16822 is divided by 49.
15
What is the remainder when 4159 is divided by 13?
12
Calculate the remainder when 27721 is divided by 156.
109
Calculate the remainder when 8895 is divided by 328.
39
Calculate the remainder when 74740 is divided by 6793.
17
Calculate the remainder when 377388 is divided by 412.
408
Calculate the remainder when 6772 is divided by 1354.
2
Calculate the remainder when 8226 is divided by 857.
513
Calculate the remainder when 636 is divided by 382.
254
What is the remainder when 6920 is divided by 231?
221
What is the remainder when 3276 is divided by 6?
0
What is the remainder when 44553 is divided by 22264?
25
Calculate the remainder when 5868 is divided by 1458.
36
Calculate the remainder when 184266 is divided by 574.
12
Calculate the remainder when 421324 is divided by 21066.
4
What is the remainder when 589558 is divided by 23?
22
Calculate the remainder when 9119 is divided by 57.
56
Calculate the remainder when 22408 is divided by 6.
4
What is the remainder when 81332 is divided by 616?
20
Calculate the remainder when 25014 is divided by 368.
358
Calculate the remainder when 26880 is divided by 26854.
26
What is the remainder when 421289 is divided by 23?
21
What is the remainder when 1245759 is divided by 21?
18
Calculate the remainder when 350493 is divided by 1013.
1008
What is the remainder when 204174 is divided by 638?
14
Calculate the remainder when 15090 is divided by 47.
3
What is the remainder when 14818 is divided by 134?
78
What is the remainder when 13584 is divided by 55?
54
What is the remainder when 33579 is divided by 112?
91
Calculate the remainder when 592 is divided by 234.
124
What is the remainder when 1263063 is divided by 463?
462
What is the remainder when 626 is divided by 447?
179
What is the remainder when 1451 is divided by 57?
26
Calculate the remainder when 36812 is divided by 21.
20
What is the remainder when 1371 is divided by 